s digit of 3822?
2
What is the units digit of 3827?
7
What is the thousands digit of 108468?
8
What is the thousands digit of 2995?
2
What is the ten thousands digit of 36283?
3
What is the tens digit of 3251?
5
What is the units digit of 1178?
8
What is the units digit of 1499?
9
What is the hundreds digit of 161?
1
What is the units digit of 2488?
8
What is the tens digit of 124424?
2
What is the thousands digit of 17891?
7
What is the hundreds digit of 728?
7
What is the units digit of 457?
7
What is the hundreds digit of 24527?
5
What is the hundreds digit of 74704?
7
What is the ten thousands digit of 36002?
3
What is the hundreds digit of 3984?
9
What is the units digit of 22683?
3
What is the thousands digit of 3869?
3
What is the tens digit of 2847?
4
What is the hundreds digit of 55670?
6
What is the tens digit of 1192?
9
What is the hundreds digit of 22120?
1
What is the units digit of 777?
7
What is the units digit of 26382?
2
What is the units digit of 75173?
3
What is the thousands digit of 5268?
5
What is the ten thousands digit of 123051?
2
What is the units digit of 3788?
8
What is the tens digit of 2185?
8
What is the tens digit of 77898?
9
What is the hundreds digit of 691?
6
What is the units digit of 3428?
8
What is the hundreds digit of 976?
9
What is the units digit of 22065?
5
What is the units digit of 1062?
2
What is the units digit of 18076?
6
What is the hundreds digit of 7257?
2
What is the ten thousands digit of 14652?
1
What is the hundreds digit of 65111?
1
What is the hundreds digit of 2273?
2
What is the units digit of 74717?
7
What is the thousands digit of 1587?
1
What is the thousands digit of 7368?
7
What is the tens digit of 40426?
2
What is the ten thousands digit of 126771?
2
What is the tens digit of 316?
1
What is the hundreds digit of 1924?
9
What is the tens digit of 1323?
2
What is the thousands digit of 5485?
5
What is the tens digit of 18995?
9
What is the ten thousands digit of 51797?
5
What is the hundreds digit of 6316?
3
What is the hundreds digit of 49850?
8
What is the units digit of 6940?
0
What is the thousands digit of 3283?
3
What is the hundreds digit of 29249?
2
What is the ten thousands digit of 11888?
1
What is the thousands digit of 3548?
3
What is the thousands digit of 5789?
5
What is the hundreds digit of 10761?
7
What is the hundreds digit of 637?
6
What is the hundreds digit of 61180?
1
What is the ten thousands digit of 113084?
1
What is the thousands digit of 7151?
7
What is the tens digit of 64800?
0
What is the hundreds digit of 9714?
7
What is the hundreds digit of 29070?
0
What is the thousands digit of 5511?
5
What is the ten thousands digit of 15447?
1
What is the units digit of 115?
5
What is the hundreds digit of 1748?
7
What is the units digit of 971?
1
What is the hundred thousands digit of 144817?
1
What is the hundreds digit of 6296?
2
What is the ten thousands digit of 24714?
2
What is the hundreds digit of 32317?
3
What is the hundreds digit of 2576?
5
What is the tens digit of 20018?
1
What is the hundreds digit of 286?
2
What is the hundreds digit of 2119?
1
What is the hundreds digit of 837?
8
What is the tens digit of 109?
0
What is the thousands digit of 19200?
9
What is the units digit of 1099?
9
What is the thousands digit of 3262?
3
What is the thousands digit of 1349?
1
What is the tens digit of 156615?
1
What is the units digit of 59?
9
What is the tens digit of 2328?
2
What is the units digit of 20459?
9
What is the thousands digit of 70835?
0
What is the tens digit of 6052?
5
What is the tens digit of 674?
7
What is the units digit of 171151?
1
What is the units digit of 1011?
1
What is the hundreds digit of 5534?
5
What is the thousands digit of 1036?
1
What is the hundreds digit of 4690?
6
What is the units digit of 48625?
5
What is the thousands digit of 85044?
5
What is the thousands digit of 14756?
4
What is the thousands digit of 75343?
5
What is the units digit of 8221?
1
What is the hundreds digit of 1718?
7
What is the units digit of 22604?
4
What is the units digit of 994?
4
What is the tens digit of 272?
7
What is the hundreds digit of 8699?
6
What is the ten thousands digit of 13610?
1
What is the hundreds digit of 10274?
2
What is the units digit of 958?
8
What is the units digit of 1485?
5
What is the hundreds digit of 107?
1
What is the units digit of 717?
7
What is the units digit of 8518?
8
What is the thousands digit of 14843?
4
What is the units digit of 14484?
4
What is the hundreds digit of 2948?
9
What is the tens digit of 312?
1
What is the units digit of 848?
8
What is the tens digit of 5055?
5
What is the thousands digit of 1026?
1
What is the units digit of 833?
3
What is the tens digit of 879?
7
What is the units digit of 5520?
0
What is the hundreds digit of 192?
1
What is the tens digit of 12150?
5
What is the ten thousands digit of 29866?
2
What is the tens digit of 34218?
1
What is the hundreds digit of 9959?
9
What is the units digit of 377?
7
What is the thousands digit of 2112?
2
What is the thousands digit of 44047?
4
What is the tens digit of 12155?
5
What is the units digit of 18557?
7
What is the units digit of 1622?
2
What is the thousands digit of 91548?
1
What is the units digit of 944?
4
What is the units digit of 361?
1
What is the tens digit of 49468?
6
What is the tens digit of 173?
7
What is the units digit of 1219?
9
What is the thousands digit of 17708?
7
What is the ten thousands digit of 93513?
9
What is the thousands digit of 6872?
6
What is the tens digit of 1904?
0
What is the ten thousands digit of 148748?
4
What is the hundreds digit of 666?
6
What is the ten thousands digit of 25318?
2
What is the tens digit of 828?
2
What is the tens digit of 905?
0
What is the thousands digit of 1124?
1
What is the ten thousands digit of 18653?
1
What is the hundreds digit of 3852?
8
What is the tens digit of 2698?
9
What is the hundreds digit of 40265?
2
What is the units digit of 1188?
8
What is the thousands digit of 2745?
2
What is the hundreds digit of 47179?
1
What is the hundreds digit of 1716?
7
What is the ten thousands digit of 51294?
5
What is the tens digit of 2235?
3
What is the hundreds digit of 409?
4
What is the thousands digit of 10835?
0
What is the tens digit of 1062?
6
What is the thousands digit of 1385?
1
What is the thousands digit of 3918?
3
What is the tens digit of 8041?
4
What is the thousands digit of 67036?
7
What is the thousands digit of 3553?
3
What is the thousands digit of 3946?
3
What is the thousands digit of 53632?
3
What is the thousands digit of 4882?
4
What is the tens digit of 1241?
4
What is the ten thousands digit of 20835?
2
What is the units digit of 1813?
3
What is the ten thousands digit of 37243?
3
What is the tens digit of 26593?
9
What is the thousands digit of 13676?
3
What is the hundreds digit of 1523?
5
What is the units digit of 4749?
9
What is the thousands digit of 5174?
5
What is the units digit of 2886?
6
What is the ten thousands digit of 56586?
5
What is the tens digit of 37377?
7
What is the units digit of 3277?
7
What is the tens digit of 11142?
4
What is the tens digit of 10375?
7
What is the units digit of 17083?
3
What is the thousands digit of 4902?
4
What is the thousands digit of 6368?
6
What is the tens digit of 49048?
4
What is the tens digit of 3796?
9
What is the tens digit of 2019?
1
What is the tens digit of 6615?
1
What is the tens digit of 6234?
3
What is the tens digit of 1691?
9
What is the units digit of 214?
4
What is the units digit of 3782?
2
What is the tens digit of 34085?
8
What is the units digit of 40133?
3
What is the thousands digit of 11096?
1
What is the tens digit of 1191?
9
What is the units digit of 16667?
7
What is the hundreds digit of 320?
3
What is the thousands digit of 9651?
9
What is the hundreds digit of 1804?
8
What is the hundreds digit of 1938?
9
What is the tens digit of 169778?
7
What is the thousands digit of 1952?
1
What is the hundreds digit of 2297?
2
What is the hundreds digit of 44353?
3
What is the thousands digit of 1955?
1
What is the units digit of 319?
9
What is the units digit of 795?
5
What is the units digit of 3375?
5
What is the units digit of 52103?
3
What is the hundreds digit of 2